{"id":65,"date":"2019-07-13T15:52:59","date_gmt":"2019-07-13T15:52:59","guid":{"rendered":"http:\/\/meine-schneckenzeit.de\/?page_id=65"},"modified":"2024-10-21T15:19:31","modified_gmt":"2024-10-21T15:19:31","slug":"allgemeine-hinweise","status":"publish","type":"page","link":"https:\/\/meine-schneckenzeit.de\/?page_id=65","title":{"rendered":"Allgemeine Hinweise"},"content":{"rendered":"\t\t<div data-elementor-type=\"wp-page\" data-elementor-id=\"65\" class=\"elementor elementor-65\">\n\t\t\t\t\t\t<section class=\"elementor-section elementor-top-section elementor-element elementor-element-cf4b2aa elementor-section-boxed elementor-section-height-default elementor-section-height-default\" data-id=\"cf4b2aa\" data-element_type=\"section\">\n\t\t\t\t\t\t<div class=\"elementor-container elementor-column-gap-default\">\n\t\t\t\t\t<div class=\"elementor-column elementor-col-100 elementor-top-column elementor-element elementor-element-ee0dc5e\" data-id=\"ee0dc5e\" data-element_type=\"column\">\n\t\t\t<div class=\"elementor-widget-wrap elementor-element-populated\">\n\t\t\t\t\t\t<div class=\"elementor-element elementor-element-6062f48 elementor-widget elementor-widget-text-editor\" data-id=\"6062f48\" data-element_type=\"widget\" data-widget_type=\"text-editor.default\">\n\t\t\t\t<div class=\"elementor-widget-container\">\n\t\t\t\t\t\t\t\t\t<h1 class=\"MsoNormal\" style=\"text-align: center;\">Allgemeine Hinweise<\/h1><p class=\"MsoNormal\">Autogenes Training kann eingesetzt werden zur allgemeinen Entspannung, F\u00f6rderung des Allgemeinbefindens, F\u00f6rderung der Ruhe und Gelassenheit etc.\u00a0 Weitere Ansatzpunkte f\u00fcr Entspannungstechniken sind stressbedingte Erkrankungen, Kopfschmerzen, Schlafst\u00f6rungen, Muskelverspannungen und chronischen Schmerzen.<\/p><p class=\"MsoNormal\"><span style=\"font-size: 16px;\">Allerdings gibt es auch Erkrankungen, bei denen eine R\u00fccksprache mit dem Arzt erforderlich ist.<\/span><\/p><p class=\"MsoNormal\"><span style=\"font-size: 16px;\"><strong>Hierunter fallen bei allen Entspannungstechniken<\/strong>: akute psychische Erkrankungen (Psychosen, Zwangsneurosen), schwere Depressionen, Epilepsie, chronisch niedriger Blutdruck, schwerer Bluthochdruck, Herzmuskelschw\u00e4che, akute Herzerkrankungen, spezifische Formen von Asthma, schwere akute Magen-Darm Erkrankungen, Muskelentz\u00fcndungen und Arthritis.<\/span><\/p><p class=\"MsoNormal\">Die Teilnahme am Kurs erfolgt auf eigene Verantwortung und ersetzt keine \u00e4rztliche oder therapeutische Behandlung. Die Kursleiterin haftet nicht f\u00fcr eine Verschlechterung des Krankheitsbildes oder sonstige nachteilige Entwicklung, die sich im Anschluss an die Kursteilnahme ereignen.<\/p><p class=\"MsoNormal\">Sollten sie sich wegen einer Erkrankung unsicher sein, wenden sie sich bitte an ihren behandelnden Arzt.<\/p>\t\t\t\t\t\t\t\t<\/div>\n\t\t\t\t<\/div>\n\t\t\t\t\t<\/div>\n\t\t<\/div>\n\t\t\t\t\t<\/div>\n\t\t<\/section>\n\t\t\t\t<\/div>\n\t\t","protected":false},"excerpt":{"rendered":"<p>Allgemeine Hinweise Autogenes Training kann eingesetzt werden zur allgemeinen Entspannung, F\u00f6rderung des Allgemeinbefindens, F\u00f6rderung der Ruhe und Gelassenheit etc.\u00a0 Weitere Ansatzpunkte f\u00fcr Entspannungstechniken sind stressbedingte Erkrankungen, Kopfschmerzen, Schlafst\u00f6rungen, Muskelverspannungen und chronischen Schmerzen. Allerdings gibt es auch Erkrankungen, bei denen eine R\u00fccksprache mit dem Arzt erforderlich ist. Hierunter fallen bei allen Entspannungstechniken: akute psychische Erkrankungen (Psychosen, [&hellip;]<\/p>\n","protected":false},"author":1,"featured_media":0,"parent":0,"menu_order":0,"comment_status":"closed","ping_status":"closed","template":"","meta":{"ocean_post_layout":"","ocean_both_sidebars_style":"","ocean_both_sidebars_content_width":0,"ocean_both_sidebars_sidebars_width":0,"ocean_sidebar":"0","ocean_second_sidebar":"0","ocean_disable_margins":"enable","ocean_add_body_class":"","ocean_shortcode_before_top_bar":"","ocean_shortcode_after_top_bar":"","ocean_shortcode_before_header":"","ocean_shortcode_after_header":"","ocean_has_shortcode":"","ocean_shortcode_after_title":"","ocean_shortcode_before_footer_widgets":"","ocean_shortcode_after_footer_widgets":"","ocean_shortcode_before_footer_bottom":"","ocean_shortcode_after_footer_bottom":"","ocean_display_top_bar":"default","ocean_display_header":"default","ocean_header_style":"","ocean_center_header_left_menu":"0","ocean_custom_header_template":"0","ocean_custom_logo":0,"ocean_custom_retina_logo":0,"ocean_custom_logo_max_width":0,"ocean_custom_logo_tablet_max_width":0,"ocean_custom_logo_mobile_max_width":0,"ocean_custom_logo_max_height":0,"ocean_custom_logo_tablet_max_height":0,"ocean_custom_logo_mobile_max_height":0,"ocean_header_custom_menu":"0","ocean_menu_typo_font_family":"0","ocean_menu_typo_font_subset":"","ocean_menu_typo_font_size":0,"ocean_menu_typo_font_size_tablet":0,"ocean_menu_typo_font_size_mobile":0,"ocean_menu_typo_font_size_unit":"px","ocean_menu_typo_font_weight":"","ocean_menu_typo_font_weight_tablet":"","ocean_menu_typo_font_weight_mobile":"","ocean_menu_typo_transform":"","ocean_menu_typo_transform_tablet":"","ocean_menu_typo_transform_mobile":"","ocean_menu_typo_line_height":0,"ocean_menu_typo_line_height_tablet":0,"ocean_menu_typo_line_height_mobile":0,"ocean_menu_typo_line_height_unit":"","ocean_menu_typo_spacing":0,"ocean_menu_typo_spacing_tablet":0,"ocean_menu_typo_spacing_mobile":0,"ocean_menu_typo_spacing_unit":"","ocean_menu_link_color":"","ocean_menu_link_color_hover":"","ocean_menu_link_color_active":"","ocean_menu_link_background":"","ocean_menu_link_hover_background":"","ocean_menu_link_active_background":"","ocean_menu_social_links_bg":"","ocean_menu_social_hover_links_bg":"","ocean_menu_social_links_color":"","ocean_menu_social_hover_links_color":"","ocean_disable_title":"default","ocean_disable_heading":"default","ocean_post_title":"","ocean_post_subheading":"","ocean_post_title_style":"","ocean_post_title_background_color":"","ocean_post_title_background":0,"ocean_post_title_bg_image_position":"","ocean_post_title_bg_image_attachment":"","ocean_post_title_bg_image_repeat":"","ocean_post_title_bg_image_size":"","ocean_post_title_height":0,"ocean_post_title_bg_overlay":0.5,"ocean_post_title_bg_overlay_color":"","ocean_disable_breadcrumbs":"default","ocean_breadcrumbs_color":"","ocean_breadcrumbs_separator_color":"","ocean_breadcrumbs_links_color":"","ocean_breadcrumbs_links_hover_color":"","ocean_display_footer_widgets":"default","ocean_display_footer_bottom":"default","ocean_custom_footer_template":"0","footnotes":""},"class_list":["post-65","page","type-page","status-publish","hentry","entry"],"_links":{"self":[{"href":"https:\/\/meine-schneckenzeit.de\/index.php?rest_route=\/wp\/v2\/pages\/65","targetHints":{"allow":["GET"]}}],"collection":[{"href":"https:\/\/meine-schneckenzeit.de\/index.php?rest_route=\/wp\/v2\/pages"}],"about":[{"href":"https:\/\/meine-schneckenzeit.de\/index.php?rest_route=\/wp\/v2\/types\/page"}],"author":[{"embeddable":true,"href":"https:\/\/meine-schneckenzeit.de\/index.php?rest_route=\/wp\/v2\/users\/1"}],"replies":[{"embeddable":true,"href":"https:\/\/meine-schneckenzeit.de\/index.php?rest_route=%2Fwp%2Fv2%2Fcomments&post=65"}],"version-history":[{"count":9,"href":"https:\/\/meine-schneckenzeit.de\/index.php?rest_route=\/wp\/v2\/pages\/65\/revisions"}],"predecessor-version":[{"id":418,"href":"https:\/\/meine-schneckenzeit.de\/index.php?rest_route=\/wp\/v2\/pages\/65\/revisions\/418"}],"wp:attachment":[{"href":"https:\/\/meine-schneckenzeit.de\/index.php?rest_route=%2Fwp%2Fv2%2Fmedia&parent=65"}],"curies":[{"name":"wp","href":"https:\/\/api.w.org\/{rel}","templated":true}]}}